11
-241242 (base 5) to base 12
-5217
What is 160b (base 14) in base 6?
30111
Convert 4420 (base 6) to base 5.
13040
Convert -10001101001111 (base 2) to base 5.
-242124
What is -34 (base 13) in base 16?
-2b
Convert -a4 (base 12) to base 2.
-1111100
What is -3c5 (base 13) in base 10?
-668
-14b2 (base 12) to base 15
-ac8
What is -152 (base 6) in base 10?
-68
What is 41201 (base 5) in base 8?
5164
What is 20011 (base 3) in base 5?
1131
2221 (base 5) to base 8
467
Convert 221 (base 5) to base 14.
45
3cc (base 13) to base 10
675
Convert -26535 (base 8) to base 2.
-10110101011101
-1303011 (base 4) to base 7
-30321
-120101 (base 3) to base 15
-1ca
Convert -10540 (base 6) to base 7.
-4242
Convert 20030 (base 4) to base 7.
1346
Convert -1430 (base 7) to base 12.
-3a8
Convert -101601 (base 7) to base 5.
-1024240
Convert 5638 (base 10) to base 8.
13006
-854 (base 14) to base 10
-1642
-358 (base 10) to base 16
-166
What is 9561 (base 11) in base 12?
73a3
What is 1cf1 (base 16) in base 11?
5626
c97 (base 15) to base 14
1070
-11101111111 (base 2) to base 12
-113b
Convert 12433 (base 5) to base 11.
823
-10111101101 (base 2) to base 15
-6b2
110101100 (base 2) to base 10
428
Convert -101101001000101 (base 2) to base 12.
-11459
What is 4507 (base 8) in base 2?
100101000111
Convert 67a (base 11) to base 10.
813
Convert 10011111100 (base 2) to base 7.
3502
-215 (base 9) to base 16
-b0
What is 4751 (base 12) in base 16?
1f2d
What is 135 (base 16) in base 15?
159
Convert -1011002 (base 3) to base 12.
-59b
What is -6070 (base 14) in base 7?
-66200
What is -113 (base 8) in base 16?
-4b
What is 1102022222 (base 3) in base 12?
14208
Convert -1120 (base 8) to base 14.
-304
Convert -61462 (base 7) to base 8.
-35215
What is 12455 (base 6) in base 12?
112b
What is -2171 (base 11) in base 6?
-21125
What is -9110 (base 10) in base 15?
-2a75
What is -23 (base 4) in base 9?
-12
3405 (base 9) to base 11
1988
What is 1e5 (base 16) in base 5?
3420
What is -176 (base 15) in base 6?
-1320
What is 620 (base 14) in base 2?
10010110100
Convert 1869 (base 11) to base 12.
145a
13123010 (base 4) to base 10
30404
110001001111 (base 2) to base 9
4281
Convert -370 (base 11) to base 5.
-3230
6ccc (base 13) to base 16
3c12
What is -1231212 (base 5) in base 3?
-1012211101
What is 1aa (base 12) in base 4?
10102
6628 (base 9) to base 16
1316
120 (base 16) to base 5
2123
Convert -44c (base 13) to base 2.
-1011100100
Convert -93a (base 13) to base 4.
-120202
-567 (base 8) to base 7
-1044
Convert -4947 (base 10) to base 8.
-11523
What is -11111010111 (base 2) in base 4?
-133113
10808 (base 10) to base 9
15738
376 (base 9) to base 3
102120
Convert -567 (base 14) to base 11.
-894
c962 (base 14) to base 15
a488
What is -1101011011 (base 2) in base 7?
-2335
What is 210200 (base 3) in base 5?
4320
What is 11120 (base 3) in base 11?
102
4380 (base 9) to base 10
3231
Convert 133131 (base 6) to base 7.
51025
Convert -10310 (base 4) to base 16.
-134
Convert 165 (base 7) to base 6.
240
Convert -12144 (base 5) to base 12.
-650
5654 (base 9) to base 4
1001110
Convert -372 (base 11) to base 8.
-672
What is 4635 (base 7) in base 15?
77c
What is 8328 (base 9) in base 3?
22100222
Convert 69a (base 15) to base 6.
10531
Convert 27a0a (base 11) to base 8.
115613
What is 47b0 (base 14) in base 13?
58c9
Convert -11000111010000 (base 2) to base 13.
-5a5c
Convert -6478 (base 9) to base 2.
-1001010100001
-5124 (base 7) to base 4
-123312
-1221201 (base 3) to base 6
-10331
Convert -30211 (base 5) to base 13.
-b57
Convert 34141 (base 6) to base 16.
12cd
-416 (base 8) to base 5
-2040
Convert 15502 (base 7) to base 4.
1010023
2122 (base 8) to base 9
1458
Convert -21430 (base 5) to base 12.
-a42
18535 (base 9) to base 15
3c05
Convert -3433 (base 13) to base 9.
-11021
Convert 212022110 (base 3) to base 5.
1020440
2b4 (base 16) to base 11
57a
What is -380 (base 11) in base 3?
-121201
What is 403121 (base 6) in base 4?
13300321
-11230 (base 7) to base 10
-2863
-2305 (base 6) to base 8
-1041
Convert -2f03 (base 16) to base 14.
-4559
Convert 400134 (base 5) to base 3.
122012121
Convert -5eb0 (base 15) to base 7.
-112602
Convert -c431 (base 13) to base 5.
-1331310
350 (base 6) to base 11
116
What is -640 (base 7) in base 5?
-2242
What is 9997 (base 11) in base 6?
140554
What is 522 (base 9) in base 6?
1545
Convert 2bdd (base 14) to base 13.
3750
What is 23096 (base 12) in base 15?
dcd0
What is 8613 (base 9) in base 12?
37b6
Convert 321021 (base 5) to base 14.
3cc9
What is 43a (base 14) in base 16?
344
Convert -11111001011010 (base 2) to base 12.
-92a2
Convert -7322 (base 15) to base 2.
-101111100001100
-24502 (base 7) to base 8
-14425
What is -1024254 (base 6) in base 8?
-142052
What is -415 (base 11) in base 14?
-27a
Convert -41396 (base 10) to base 3.
-2002210012
What is -2111121 (base 3) in base 14?
-945
Convert 100001201 (base 4) to base 15.
146a8
20333 (base 4) to base 8
1077
12220 (base 6) to base 7
5166
Convert 15a70 (base 11) to base 13.
a382
What is 1111100010 (base 2) in base 12?
6aa
Convert 27b (base 12) to base 16.
17f
Convert -98c (base 14) to base 8.
-3540
-122 (base 4) to base 16
-1a
What is 1012001 (base 3) in base 5?
11430
-1b0 (base 14) to base 15
-185
-12621 (base 9) to base 6
-103244
Convert -4214 (base 6) to base 15.
-431
What is 444 (base 13) in base 3?
1000010
What is -22344 (base 6) in base 10?
-3160
What is -5910 (base 13) in base 5?
-400034
-23665 (base 9) to base 15
-4a6e
What is -222a (base 13) in base 7?
-16621
300 (base 11) to base 5
2423
What is 1110 (base 2) in base 8?
16
What is -505050 (base 6) in base 8?
-116066
-12321 (base 5) to base 16
-3c1
2225 (base 14) to base 9
8100
27379 (base 10) to base 13
c601
Convert 18 (base 10) to base 15.
13
-531 (base 10) to base 11
-443
Convert -3a0a (base 14) to base 15.
-3052
-518 (base 12) to base 4
-23210
What is 66a (base 13) in base 8?
2116
88 (base 15) to base 10
128
1554 (base 15) to base 6
33111
What is -424233 (base 5) in base 15?
-4398
What is -102133 (base 4) in base 8?
-2237
2683 (base 11) to base 4
312113
What is -618 (base 16) in base 2?
-11000011000
Convert -110000 (base 2) to base 15.
-33
What is -5232 (base 6) in base 7?
-3263
412 (base 12) to base 16
24e
What is -10563 (base 9) in base 16?
-1b6f
What is 35411 (base 7) in base 14?
3478
-641 (base 15) to base 6
-10311
What is -110010000 (base 2) in base 7?
-1111
What is -111364 (base 7) in base 3?
-1000002021
Convert 1343 (base 15) to base 9.
5570
What is -21074 (base 10) in base 11?
-14919
What is 14993 (base 11) in base 6?
241540
What is -2656 (base 12) in base 2?
-1000100100010
dba (base 16) to base 6
24134
562 (base 12) to base 10
794
What is 20053 (base 6) in base 5?
41000
Convert -824 (base 13) to base 3.
-1220012
What is 2202233 (base 4) in base 2?
10100010101111
74254 (base 8) to base 5
1442032
Convert -aa8 (base 11) to base 14.
-6ac
What is -12781 (base 10) in base 7?
-52156
-783 (base 10) to base 8
-1417
Convert -10012112 (base 3) to base 4.
-210200
Convert -30c0 (base 13) to base 6.
-51123
What is -115 (base 12) in base 11?
-137
Convert 399 (base 11) to base 12.
333
18c8 (base 13) to base 3
12002112
What is -1403 (base 7) in base 5?
-4132
What is -2db8 (base 14) in base 12?
-48b2
Convert -32514 (base 6) to base 15.
-150a
Convert -1cc2 (base 13) to base 9.
-6010
What is -18042 (base 10) in base 5?
-1034132
-862 (base 11) to base 2
-10000001100
What is -11000100001101 (base 2) in base 6?
-134045
What is -35394 (base 11) in base 16?
-c764
What is 10111100000010 (base 2) in base 8?
27402
What is 10130 (base 4) in base 5?
2114
679 (base 12) to base 15
43c
What is 111222 (base 3) in base 16?
179
-11 (base 10) to base 13
-b
-211 (base 4) to base 7
-52
What is 6513 (base 10) in base 5?
202023
What is 20302 (base 4) in base 15?
277
-15671 (base 10) to base 9
-23442
Convert 44919 (base 11) to base 2.
1111110111100101
What is 2463 (base 11) in base 5?
100330
Convert -10100000100 (base 2) to base 15.
-5a9
Convert 113033 (base 4) to base 13.
8a5
15451 (base 9) to base 14
3bd6
Convert 213301 (base 4) to base 2.
100111110001
What is 10001010010 (base 2) in base 16?
452
What is -16c0 (base 14) in base 15?
-1328
1227 (base 13) to base 8
5010
Convert -1856 (base 13) to base 15.
-1115
-12471 (base 8) to